*3 + 7*w**2 + 68*w + 119. What is the units digit of a(-2)?
9
Let m(u) = 2*u**2 - 59*u - 88. Let d be m(31). Suppose -5*k - 543 = -2*n - 0*k, 3*n - d*k = 812. What is the units digit of n?
9
Let o be (-1 - 4) + (-4676)/(-14). Let d = -26 - -32. Suppose -d*q + 223 = -o. What is the tens digit of q?
9
Let w be 145/(-45) - (-4)/18. Let f = 602 + -390. What is the units digit of (w - -1)/((-4)/f)?
6
Suppose -19*n - 3*w = -21*n + 8342, 0 = 4*n - w - 16654. What is the thousands digit of n?
4
Let m(o) be the third derivative of o**5/6 + 5*o**4/12 - 5*o**3/2 + 6*o**2. Let a be m(6). Suppose -29*n + 24*n = -a. What is the units digit of n?
1
Let f(c) = 31*c + 17 + 46*c + 13*c - 106 - 11. What is the hundreds digit of f(14)?
1
Let y(p) = -844*p - 591. What is the hundreds digit of y(-8)?
1
Let f(h) = h**3 + 93*h**2 + 127*h + 867. What is the tens digit of f(-91)?
7
Let b(s) = -9*s**2 + 10*s - 12. Let o(m) = 17*m**2 - 19*m + 22. Let q(u) = -7*b(u) - 3*o(u). What is the hundreds digit of q(-6)?
5
Let z(v) = 331*v**2 - 76*v + 88. What is the hundreds digit of z(5)?
9
Suppose -987*i + 901719 = -948*i. What is the units digit of i?
1
Let x(g) = 809*g - 8557. What is the hundreds digit of x(99)?
5
Suppose -256*s - 32001 + 54303 = -242402. What is the hundreds digit of s?
0
Let z(u) = -3*u**3 + 2*u**2 - 7*u - 30. Let j be z(-3). Let n = j - -165. What is the tens digit of n?
5
What is the tens digit of 3/5*-1 - (5 + (-49633)/5)?
2
Let w(x) = -2*x**2 + 17*x + 9. Let f be w(9). Suppose 136*p - 137*p + 397 = f. What is the tens digit of p?
9
Suppose 3*p = 66 + 177. Let h = p + -2. Suppose -3*f + 194 = -h. What is the units digit of f?
1
Let s = -76289 + 108523. What is the thousands digit of s?
2
Let a be (-4 + -2)/((-3)/(-194)). What is the units digit of (a/6)/((-38)/171)?
1
What is the hundreds digit of (1 + -3 - -11)/(12219411/313316 + -39)?
4
Let h = 11 - 157. Let m be -3 - (2 + -1) - -219. Let l = m + h. What is the units digit of l?
9
Let q = -57248 - -81215. What is the ten thousands digit of q?
2
Let q(d) = d**3 - 7*d**2 + 9*d - 15. Let t be q(7). Suppose -1620 = -60*l + t*l. What is the units digit of l?
5
Suppose 25 + 19 = 2*r. Let g(f) = f**3 - 21*f**2 - 15*f + 36. What is the tens digit of g(r)?
9
Suppose 3*o - 18 = 3*i - 21, -1 = -i - 3*o. What is the tens digit of (1218/(-116))/(i/(-8))?
8
Let t(p) = 60*p**3 - p**2 + 9*p + 21. What is the hundreds digit of t(4)?
8
Suppose 0 = -5*a - 4*g + 80, -5*a - 4*g = -6*g - 110. Let s be (3/6)/(2/a). Suppose 4*f + 188 = 3*h - h, s*h = -2*f + 446. What is the units digit of h?
0
Let s be (23 - -1)/((-20)/(-170)). Suppose 202*q = s*q - 1478. What is the units digit of q?
9
Let b(v) = -6*v + 56 - 6*v + 5*v. Let a be b(7). Suppose -345 = a*s - 12*s. What is the tens digit of s?
6
What is the thousands digit of 2 - (-15 - -12) - (-8376 + (4 - 8))?
8
Suppose -4 + 0 = -s. Let h be -1 - (s - 9 - 0). Suppose 2 = h*t - 6. What is the units digit of t?
2
Suppose -5*i = -2*u + 1330, 0 = 4*u + 2*i - 2134 - 502. Suppose 220 = h - 2*p, -9*p + u = 3*h - 5*p. Suppose -4*t = 16 - h. What is the tens digit of t?
5
Let h = -11 - -4. Let j = h - -9. Suppose 0*r = -j*r - m + 137, r + 3*m = 61. What is the tens digit of r?
7
Let b(q) = q + 9 - 124 + 8*q + 44*q. What is the tens digit of b(14)?
2
Let y(q) = 198*q**2 - 3*q - 2. Suppose b + 9 = 8. Let s be y(b). Suppose -335 - s = -3*d. What is the tens digit of d?
7
Let n = 607 + -596. What is the tens digit of n*(-4)/(-330) - (-27986)/30?
3
Suppose 5*k = -k + 4116. Let r = k + -325. What is the tens digit of r?
6
Let i(q) = -993*q + 981. What is the units digit of i(-5)?
6
Let l = 153 - -414. Suppose -13*f + 10*f = -9, 2*v - 5*f - l = 0. What is the hundreds digit of v?
2
Suppose 30*k - 27*k - 147552 = -50*k. What is the tens digit of k?
8
Let m(c) = -36*c**3 + 7*c**2 + 33*c + 166. What is the tens digit of m(-6)?
9
Suppose -243*l + 11*l + 2070600 + 269584 = 0. What is the units digit of l?
7
Let y = 2159 + -3848. Let m = y + 2696. What is the tens digit of m?
0
Let j be ((-8)/(-6))/(2*1/3). Let t(o) = 2*o**2 + 5*o**j + 0*o**2 + o + 4*o**3 - 5*o**3. What is the tens digit of t(6)?
4
Suppose 4*r = -b + 116, 3*r = -r + b + 116. Let v = r - 26. What is the tens digit of 420/8 - v/6?
5
Let z(r) = 2*r**3 - 8*r**2 - 13*r - 2. Let x = 447 + -315. Let p = -125 + x. What is the hundreds digit of z(p)?
2
Let v(l) = -l**2 + 6*l + 19. Let k be v(8). Suppose k*d = -p + 34, -2*d + 3*p = -p - 32. What is the units digit of d?
2
Let f(a) = 329*a + 855. What is the units digit of f(3)?
2
Let f = -119 + 170. Suppose -9*j - f = -177. Suppose j*l - 183 = 11*l. What is the units digit of l?
1
Suppose 18*g - 84 + 156 = 0. What is the units digit of g/((-8)/(-11))*(-532)/38?
7
Let r(o) = 66*o - 5. Let h be r(3). Suppose -15*i + 4693 = h. Suppose -4*d - t + i = -d, -d - 4*t = -89. What is the tens digit of d?
0
Suppose 26014 = 2*x + b, 3*b = -33*x + 32*x + 12992. What is the hundreds digit of x?
0
Let q = 107946 + -45103. What is the ten thousands digit of q?
6
Suppose -10*o + m - 5646 = -13*o, 4*o - 7535 = m. What is the hundreds digit of o?
8
Let u(x) = -5*x + 10. Let w be u(2). Suppose w = -12*k + 9*k - 2*t + 2041, 5*k + 3*t = 3400. What is the tens digit of k?
7
Let c(t) = 22*t**2 + 702*t - 53. What is the units digit of c(-32)?
1
What is the tens digit of -2 - -1 - -1559 - (2 + 1 + -8)?
6
Suppose 3*k - 8 = 4. Suppose -t - 4 + 8 = 0, 5*t = -5*s + 2230. Suppose 2*g + k = 0, -9*y + s = -6*y - 5*g. What is the units digit of y?
4
Suppose 5*j = 3*j + 70. Suppose 4*d + j = 2*p + 127, 2*p - 13 = -d. What is the hundreds digit of -901*(-2)/14 - (-6)/d?
1
Suppose -836 = 4*g - 99064. Suppose -89582 = -5*l - g. What is the units digit of ((-3)/(-5))/1 - l/(-75)?
4
Let b(h) = -6*h**2 - 22*h + 45. Let m(o) = -5*o**2 - 22*o + 44. Let j(v) = -6*b(v) + 7*m(v). Let s be j(20). What is the tens digit of 2 + -16*(18/(-8) + s)?
7
Let f be (-459)/33 + 10/(-110). What is the tens digit of 10*114/f*-7?
7
Suppose g - 27443 = -4*c, 0*g = 4*c + 2*g - 27446. What is the tens digit of c?
6
Let v = -31930 + 18454. What is the hundreds digit of 14/(-49) - v/28?
4
Let r(a) = 2*a + 2*a**2 - 3*a**2 - 1 + 7*a - 3. Let z be r(8). Suppose z*m - 68 = 216. What is the tens digit of m?
7
Let k(q) = -3*q - 3. Let j be k(3). Let i be (54 - 2)/(40/j - -4). Suppose -3*t + i = -213. What is the units digit of t?
7
Let j(b) = -6*b + 2*b + 3*b + 4 - 22. Let d be j(-15). What is the units digit of (1 + -2)/(d/75)?
5
Let x(k) = -16*k - 215. Let n be (-79 + (3 - 2))*(-1)/(-3). What is the hundreds digit of x(n)?
2
Suppose 8*s + 6*s = -5*s. Suppose s = 2*q - i - 1029, 4*q - 3*i - 1653 = 406. What is the tens digit of q?
1
Let a be (31 - -2)/(3 + (-15)/6). Let t be a/18 - 3/(-9). Suppose -v + 424 = t*s, 2*s + 3*v - 222 = 5*v. What is the units digit of s?
7
Let v(p) = -57 + 109*p + 2 - 2*p - 2. What is the hundreds digit of v(13)?
3
Let r = -6 + 11. Suppose r*g - 454 - 2911 = 0. What is the units digit of g?
3
Suppose 0 = 6*g - 896 + 3464. Let s = -341 - g. What is the tens digit of s?
8
Suppose 6*q + 2*q + 24 = 0. Let z(i) = 20*i**2 - 4*i + 11. What is the hundreds digit of z(q)?
2
Let l be (-3)/12 + (-802)/(-8). Let f be ((-9)/(-2))/(13 + (-261)/18). What is the tens digit of (-2 + (-48)/30)/(f/l)?
2
Let r(b) = -b**3 - b**2 + b - 63. Let o be r(0). What is the units digit of (-216)/o*(-651)/(-6)?
2
Let p be (0 - 5 - -3)*-8 - 2. Suppose -5*y = 15, d = 2*d - 4*y - p. What is the tens digit of d - (1 + -85*1)?
8
What is the tens digit of 42/(-4)*(-10850)/465?
4
Let w(g) = g**2 + 11*g + 7. Let b be w(-7). Let i be 1 - (-5)/(-6) - (-23)/6. What is the units digit of (-8)/(1 + (96/b)/i)?
6
Let n be 32/80 - 43/(-5). What is the hundreds digit of (-4456)/(-12) - 12/n?
3
Let q be (5 + 0 - 1) + -4 + 103. Let w = 162 - q. Suppose -53 = -t + w. What is the tens digit of t?
1
Let o(t) = t**3 + t**2 + t + 1. Let i(y) = 79*y**3 - 6*y**2 - 2*y - 1. Let w(l) = -i(l) - 4*o(l). Let v = 32 - 33. What is the units digit of w(v)?
4
Suppose -2*c = -3*c + 7. Let r(s) = 14*s + 93. What is the units digit of r(c)?
1
Let f(j) be the first derivative of 11*j**3/3 - 5*j**2/2 - 13*j + 32. What is the hundreds digit of f(6)?
3
Let n be (-136)/(-51)*(-657)/(-6). Let b = n - -